{"id":1226,"date":"2025-08-13T08:43:51","date_gmt":"2025-08-13T08:43:51","guid":{"rendered":"http:\/\/trungviettrung.com\/contact\/"},"modified":"2025-09-04T08:06:41","modified_gmt":"2025-09-04T08:06:41","slug":"contact","status":"publish","type":"page","link":"https:\/\/trungviettrung.com\/contact\/","title":{"rendered":"Contact"},"content":{"rendered":"\t\t<div data-elementor-type=\"wp-page\" data-elementor-id=\"1226\" class=\"elementor elementor-1226\">\n\t\t\t\t<div class=\"elementor-element elementor-element-409c14a4 e-flex e-con-boxed e-con e-parent\" data-id=\"409c14a4\" data-element_type=\"container\" data-e-type=\"container\">\n\t\t\t\t\t<div class=\"e-con-inner\">\n\t\t\t\t<div class=\"elementor-element elementor-element-64e30c74 elementor-widget elementor-widget-text-editor\" data-id=\"64e30c74\" data-element_type=\"widget\" data-e-type=\"widget\" data-widget_type=\"text-editor.default\">\n\t\t\t\t\t\t\t\t\t\n<div class=\"wp-block-uagb-container uagb-block-0868d36e alignfull uagb-is-root-container\">\n<div class=\"wp-block-uagb-container uag-blocks-common-selector uagb-block-275948af alignfull uagb-is-root-container\">\n<div class=\"uagb-container-inner-blocks-wrap\">\n<div class=\"wp-block-uagb-container uagb-block-93bc312b\">\n<div class=\"wp-block-uagb-advanced-heading uagb-block-b53dfae7\">\n<h2 class=\"uagb-heading-text\"><img fetchpriority=\"high\" decoding=\"async\" class=\"alignnone size-medium wp-image-4551\" src=\"https:\/\/trungviettrung.com\/wp-content\/uploads\/2025\/08\/IMG_8062-533x400.jpg\" alt=\"\" width=\"533\" height=\"400\" srcset=\"https:\/\/trungviettrung.com\/wp-content\/uploads\/2025\/08\/IMG_8062-533x400.jpg 533w, https:\/\/trungviettrung.com\/wp-content\/uploads\/2025\/08\/IMG_8062-1067x800.jpg 1067w, https:\/\/trungviettrung.com\/wp-content\/uploads\/2025\/08\/IMG_8062-768x576.jpg 768w, https:\/\/trungviettrung.com\/wp-content\/uploads\/2025\/08\/IMG_8062-1536x1152.jpg 1536w, https:\/\/trungviettrung.com\/wp-content\/uploads\/2025\/08\/IMG_8062-2048x1536.jpg 2048w, https:\/\/trungviettrung.com\/wp-content\/uploads\/2025\/08\/IMG_8062-600x450.jpg 600w\" sizes=\"(max-width: 533px) 100vw, 533px\" \/>Th\u00f4ng tin li\u00ean h\u1ec7:<\/h2>\n<div class=\"uagb-separator\">\u00a0<\/div>\n<\/div>\n\n<div class=\"wp-block-uagb-advanced-heading uagb-block-e65d98c2\">\n<h3 class=\"uagb-heading-text\">Trung t\u00e2m th\u01b0\u01a1ng m\u1ea1i qu\u1ed1c t\u1ebf \u0111i\u1ec7n t\u1eed Trung Vi\u1ec7t Trung<\/h3>\n<\/div>\n\n<div class=\"wp-block-uagb-icon-list uagb-block-f42c2882\">\n<div class=\"uagb-icon-list__wrap\">\n<div class=\"wp-block-uagb-icon-list-child uagb-block-ce54666f\"><span class=\"uagb-icon-list__label\">14 Nguy\u1ec5n \u0110\u0103ng \u0110\u1ea1o, ph\u01b0\u1eddng Kinh B\u1eafc, t\u1ec9nh B\u1eafc Ninh<\/span><\/div>\n<\/div>\n<\/div>\n\n<div class=\"wp-block-uagb-advanced-heading uagb-block-392e96fd\">\n<h5 class=\"uagb-heading-text\">D\u1ecbch v\u1ee5 kh\u00e1ch h\u00e0ng:<\/h5>\n<\/div>\n\n<div class=\"wp-block-uagb-icon-list uagb-block-534abc04\">\n<div class=\"uagb-icon-list__wrap\">\n<div class=\"wp-block-uagb-icon-list-child uagb-block-18756892\"><span class=\"uagb-icon-list__label\">zyz@trungviettrung.com<\/span><\/div>\n\n<div class=\"wp-block-uagb-icon-list-child uagb-block-21f3a791\"><span class=\"uagb-icon-list__label\">+84 888 223 128<\/span><\/div>\n<\/div>\n<\/div>\n<\/div>\n\n<div class=\"wp-block-uagb-container uagb-block-ad0e33f0\">\t\t\t<div \n\t\t\tclass=\"wp-block-uagb-google-map uagb-google-map__wrap uagb-block-5b08f7ef     \"\n\t\t\tstyle=\"\" >\n\t\t\t\t<embed\n\t\t\t\t\tclass=\"uagb-google-map__iframe\"\n\t\t\t\t\ttitle=\"Google Map for \"\n\t\t\t\t\tsrc=\"https:\/\/maps.google.com\/maps?q=miami%2C%20florida&z=14&hl=en&t=m&output=embed&iwloc=near\"\n\t\t\t\t\twidth=\"640\"\n\t\t\t\t\theight=\"300\"\n\t\t\t\t\tloading=\"lazy\"\n\t\t\t\t><\/embed>\n\t\t\t<\/div>\n\t\t\t<\/div>\n<\/div>\n<\/div>\n<\/div>\n\n<div class=\"wp-block-uagb-container uagb-block-6adcaf6f alignfull uagb-is-root-container\">\n<div class=\"uagb-container-inner-blocks-wrap\">\n<div class=\"wp-block-uagb-container uagb-block-9e9bd1f5\">\n<div class=\"wp-block-uagb-container uagb-block-8b04d89e\">\n<div class=\"wp-block-uagb-info-box uagb-block-1509be9b uagb-infobox__content-wrap  uagb-infobox-icon-above-title uagb-infobox-image-valign-top\">\n<div class=\"uagb-ifb-content\">\n<div class=\"uagb-ifb-icon-wrap\">\u00a0<\/div>\n<div class=\"uagb-ifb-title-wrap\">\n<h4 class=\"uagb-heading-text\"><strong>Trung t\u00e2m th\u01b0\u01a1ng m\u1ea1i qu\u1ed1c t\u1ebf \u0111i\u1ec7n T\u1eed Trung Vi\u1ec7t Trung<\/strong><\/h4>\n<p><span class=\"js_darkmode__38\"><span dir=\"auto\"> C\u00e1c v\u0103n ph\u00f2ng \u0111\u1ea7u t\u01b0 n\u01b0\u1edbc ngo\u00e0i c\u1ee7a d\u1ef1 \u00e1n n\u1eb1m tr\u00ean t\u1ea7ng 5-9 v\u00e0 bao g\u1ed3m: m\u1ed9t studio ph\u00e1t tr\u1ef1c ti\u1ebfp chung trong kh\u00f4ng gian s\u00e1ng t\u1ea1o \u1edf t\u1ea7ng 5, m\u1ed9t trung t\u00e2m th\u00f4ng tin h\u1ed7 tr\u1ee3 \u0111i\u1ec7n t\u1eed \u1edf t\u1ea7ng 7, m\u1ed9t tr\u1ee5 s\u1edf ch\u00ednh c\u1ee7a ng\u00e0nh c\u00f4ng nghi\u1ec7p \u0111i\u1ec7n t\u1eed \u1edf t\u1ea7ng 8 v\u00e0 m\u1ed9t trung t\u00e2m d\u1ecbch v\u1ee5 \u0111\u1ea7u t\u01b0 n\u01b0\u1edbc ngo\u00e0i v\u00e0 tr\u1ee5 s\u1edf ho\u1ea1t \u0111\u1ed9ng \u0111i\u1ec7n t\u1eed \u1edf t\u1ea7ng 9.<\/span><\/span><\/p>\n<\/div>\n<p>\u00a0<\/p>\n<\/div>\n<\/div>\n<\/div>\n<div class=\"wp-block-uagb-container uagb-block-5c9a2dde\">\n<div class=\"wp-block-uagb-info-box uagb-block-c530f909 uagb-infobox__content-wrap  uagb-infobox-icon-above-title uagb-infobox-image-valign-top\">\n<div class=\"uagb-ifb-content\">\n<div class=\"uagb-ifb-title-wrap\">\n<h4 class=\"wp-block-heading\"><strong>C\u00f4ng ty TNHH Ph\u00e1t tri\u1ec3n C\u00f4ng nghi\u1ec7p TOMO Vi\u1ec7t Nam<\/strong><\/h4>\n<\/div>\n<ul class=\"wp-block-list\">\n<li>B\u00e1n l\u1ebb online v\u00e0 offline v\u1eadt t\u01b0 x\u00e2y d\u1ef1ng, \u0111\u1ed3 \u0111i\u1ec7n gia d\u1ee5ng<\/li>\n<li>V\u1eadn h\u00e0nh s\u00e0n th\u01b0\u01a1ng m\u1ea1i \u0111i\u1ec7n t\u1eed, h\u1ed7 tr\u1ee3 h\u1ee3p t\u00e1c th\u01b0\u01a1ng m\u1ea1i<\/li>\n<li>Cung c\u1ea5p d\u1ecbch v\u1ee5 logistic n\u1ed9i v\u00f9ng, t\u1ed5 ch\u1ee9c tua, x\u00fac ti\u1ebfn th\u01b0\u01a1ng m\u1ea1i<\/li>\n<\/ul>\n<\/div>\n<\/div>\n<\/div>\n\n<div class=\"wp-block-uagb-container uagb-block-6be861be\">\n<div class=\"wp-block-uagb-info-box uagb-block-7c548b3d uagb-infobox__content-wrap  uagb-infobox-icon-above-title uagb-infobox-image-valign-top\">\n<div class=\"uagb-ifb-icon-wrap\">\u00a0<\/div>\n<div class=\"uagb-ifb-title-wrap\">\n<h4 class=\"uagb-heading-text\"><strong>Trung t\u00e2m th\u01b0\u01a1ng m\u1ea1i qu\u1ed1c t\u1ebf \u0111i\u1ec7n t\u1eed Trung Vi\u1ec7t Trung<span dir=\"auto\">| Vi\u1ec7t Nam Hoa C\u01b0\u1eddng B\u1eafc | V\u0103n ph\u00f2ng \u0110\u1ea7u t\u01b0 N\u01b0\u1edbc ngo\u00e0i<\/span><\/strong><\/h4>\n<\/div>\n<p class=\"uagb-ifb-content\"><span class=\"js_darkmode__38\"><span dir=\"auto\">L\u00e0 khu ph\u1ee9c h\u1ee3p t\u00e0i nguy\u00ean c\u00f4ng nghi\u1ec7p h\u00e0ng \u0111\u1ea7u c\u1ee7a Vi\u1ec7t Nam v\u00e0 l\u00e0 n\u01a1i t\u1ecda l\u1ea1c c\u1ee7a m\u1ed9t trong 50 th\u01b0\u01a1ng hi\u1ec7u h\u00e0ng \u0111\u1ea7u c\u1ee7a Vi\u1ec7t Nam, d\u1ef1 \u00e1n cung c\u1ea5p c\u00e1c v\u0103n ph\u00f2ng ri\u00eang c\u00f3 di\u1ec7n t\u00edch t\u1eeb 15-70 m\u00e9t vu\u00f4ng, v\u1edbi t\u00f9y ch\u1ecdn \u0111\u1ecba ch\u1ec9 \u0111\u00e3 \u0111\u0103ng k\u00fd, s\u00e1u th\u00e1ng thu\u00ea mi\u1ec5n ph\u00ed ho\u1eb7c gian h\u00e0ng mi\u1ec5n ph\u00ed.<\/span><\/span><\/p>\n<\/div>\n<\/div>\n<\/div>\n<\/div>\n<\/div>\n\t\t\t\t\t\t\t\t<\/div>\n\t\t\t\t\t<\/div>\n\t\t\t\t<\/div>\n\t\t<div class=\"elementor-element elementor-element-c01c9ed e-flex e-con-boxed e-con e-parent\" data-id=\"c01c9ed\" data-element_type=\"container\" data-e-type=\"container\">\n\t\t\t\t\t<div class=\"e-con-inner\">\n\t\t\t\t\t<\/div>\n\t\t\t\t<\/div>\n\t\t\t\t<\/div>\n\t\t","protected":false},"excerpt":{"rendered":"<p>Trung Vi\u1ec7t Trung Li\u00ean H\u1ec7 D\u1ecbch v\u1ee5 kh\u00e1ch h\u00e0ng:<\/p>\n","protected":false},"author":2,"featured_media":4517,"parent":0,"menu_order":0,"comment_status":"closed","ping_status":"closed","template":"","meta":{"_uag_custom_page_level_css":"","footnotes":""},"class_list":["post-1226","page","type-page","status-publish","has-post-thumbnail","hentry"],"yoast_head":"<!-- This site is optimized with the Yoast SEO plugin v27.3 - https:\/\/yoast.com\/product\/yoast-seo-wordpress\/ -->\n<title>Contact - trungviettrung.com<\/title>\n<meta name=\"robots\" content=\"index, follow, max-snippet:-1, max-image-preview:large, max-video-preview:-1\" \/>\n<link rel=\"canonical\" href=\"https:\/\/trungviettrung.com\/contact\/\" \/>\n<meta property=\"og:locale\" content=\"vi_VN\" \/>\n<meta property=\"og:type\" content=\"article\" \/>\n<meta property=\"og:title\" content=\"Contact - trungviettrung.com\" \/>\n<meta property=\"og:description\" content=\"Trung Vi\u1ec7t Trung Li\u00ean H\u1ec7 D\u1ecbch v\u1ee5 kh\u00e1ch h\u00e0ng:\" \/>\n<meta property=\"og:url\" content=\"https:\/\/trungviettrung.com\/contact\/\" \/>\n<meta property=\"og:site_name\" content=\"trungviettrung.com\" \/>\n<meta property=\"article:publisher\" content=\"https:\/\/www.facebook.com\/tttmtrungviettrung\/\" \/>\n<meta property=\"article:modified_time\" content=\"2025-09-04T08:06:41+00:00\" \/>\n<meta property=\"og:image\" content=\"https:\/\/trungviettrung.com\/wp-content\/uploads\/2025\/08\/19a73b64d3355c13f80e5653605428898217a7b7.png\" \/>\n\t<meta property=\"og:image:width\" content=\"1920\" \/>\n\t<meta property=\"og:image:height\" content=\"460\" \/>\n\t<meta property=\"og:image:type\" content=\"image\/png\" \/>\n<meta name=\"twitter:card\" content=\"summary_large_image\" \/>\n<meta name=\"twitter:label1\" content=\"\u01af\u1edbc t\u00ednh th\u1eddi gian \u0111\u1ecdc\" \/>\n\t<meta name=\"twitter:data1\" content=\"1 ph\u00fat\" \/>\n<script type=\"application\/ld+json\" class=\"yoast-schema-graph\">{\"@context\":\"https:\\\/\\\/schema.org\",\"@graph\":[{\"@type\":\"WebPage\",\"@id\":\"https:\\\/\\\/trungviettrung.com\\\/contact\\\/\",\"url\":\"https:\\\/\\\/trungviettrung.com\\\/contact\\\/\",\"name\":\"Contact - trungviettrung.com\",\"isPartOf\":{\"@id\":\"https:\\\/\\\/trungviettrung.com\\\/#website\"},\"primaryImageOfPage\":{\"@id\":\"https:\\\/\\\/trungviettrung.com\\\/contact\\\/#primaryimage\"},\"image\":{\"@id\":\"https:\\\/\\\/trungviettrung.com\\\/contact\\\/#primaryimage\"},\"thumbnailUrl\":\"https:\\\/\\\/trungviettrung.com\\\/wp-content\\\/uploads\\\/2025\\\/08\\\/19a73b64d3355c13f80e5653605428898217a7b7.png\",\"datePublished\":\"2025-08-13T08:43:51+00:00\",\"dateModified\":\"2025-09-04T08:06:41+00:00\",\"breadcrumb\":{\"@id\":\"https:\\\/\\\/trungviettrung.com\\\/contact\\\/#breadcrumb\"},\"inLanguage\":\"vi\",\"potentialAction\":[{\"@type\":\"ReadAction\",\"target\":[\"https:\\\/\\\/trungviettrung.com\\\/contact\\\/\"]}]},{\"@type\":\"ImageObject\",\"inLanguage\":\"vi\",\"@id\":\"https:\\\/\\\/trungviettrung.com\\\/contact\\\/#primaryimage\",\"url\":\"https:\\\/\\\/trungviettrung.com\\\/wp-content\\\/uploads\\\/2025\\\/08\\\/19a73b64d3355c13f80e5653605428898217a7b7.png\",\"contentUrl\":\"https:\\\/\\\/trungviettrung.com\\\/wp-content\\\/uploads\\\/2025\\\/08\\\/19a73b64d3355c13f80e5653605428898217a7b7.png\",\"width\":1920,\"height\":460},{\"@type\":\"BreadcrumbList\",\"@id\":\"https:\\\/\\\/trungviettrung.com\\\/contact\\\/#breadcrumb\",\"itemListElement\":[{\"@type\":\"ListItem\",\"position\":1,\"name\":\"Trang ch\u1ee7\",\"item\":\"https:\\\/\\\/trungviettrung.com\\\/\"},{\"@type\":\"ListItem\",\"position\":2,\"name\":\"Contact\"}]},{\"@type\":\"WebSite\",\"@id\":\"https:\\\/\\\/trungviettrung.com\\\/#website\",\"url\":\"https:\\\/\\\/trungviettrung.com\\\/\",\"name\":\"trungviettrung.com\",\"description\":\"\",\"publisher\":{\"@id\":\"https:\\\/\\\/trungviettrung.com\\\/#organization\"},\"potentialAction\":[{\"@type\":\"SearchAction\",\"target\":{\"@type\":\"EntryPoint\",\"urlTemplate\":\"https:\\\/\\\/trungviettrung.com\\\/?s={search_term_string}\"},\"query-input\":{\"@type\":\"PropertyValueSpecification\",\"valueRequired\":true,\"valueName\":\"search_term_string\"}}],\"inLanguage\":\"vi\"},{\"@type\":\"Organization\",\"@id\":\"https:\\\/\\\/trungviettrung.com\\\/#organization\",\"name\":\"trungviettrung.com\",\"url\":\"https:\\\/\\\/trungviettrung.com\\\/\",\"logo\":{\"@type\":\"ImageObject\",\"inLanguage\":\"vi\",\"@id\":\"https:\\\/\\\/trungviettrung.com\\\/#\\\/schema\\\/logo\\\/image\\\/\",\"url\":\"https:\\\/\\\/trungviettrung.com\\\/wp-content\\\/uploads\\\/2025\\\/09\\\/DAT-hang-NGAY-scaled.png\",\"contentUrl\":\"https:\\\/\\\/trungviettrung.com\\\/wp-content\\\/uploads\\\/2025\\\/09\\\/DAT-hang-NGAY-scaled.png\",\"width\":2560,\"height\":2146,\"caption\":\"trungviettrung.com\"},\"image\":{\"@id\":\"https:\\\/\\\/trungviettrung.com\\\/#\\\/schema\\\/logo\\\/image\\\/\"},\"sameAs\":[\"https:\\\/\\\/www.facebook.com\\\/tttmtrungviettrung\\\/\",\"https:\\\/\\\/www.youtube.com\\\/@tttmtrungviettrung\"]}]}<\/script>\n<!-- \/ Yoast SEO plugin. -->","yoast_head_json":{"title":"Contact - trungviettrung.com","robots":{"index":"index","follow":"follow","max-snippet":"max-snippet:-1","max-image-preview":"max-image-preview:large","max-video-preview":"max-video-preview:-1"},"canonical":"https:\/\/trungviettrung.com\/contact\/","og_locale":"vi_VN","og_type":"article","og_title":"Contact - trungviettrung.com","og_description":"Trung Vi\u1ec7t Trung Li\u00ean H\u1ec7 D\u1ecbch v\u1ee5 kh\u00e1ch h\u00e0ng:","og_url":"https:\/\/trungviettrung.com\/contact\/","og_site_name":"trungviettrung.com","article_publisher":"https:\/\/www.facebook.com\/tttmtrungviettrung\/","article_modified_time":"2025-09-04T08:06:41+00:00","og_image":[{"width":1920,"height":460,"url":"https:\/\/trungviettrung.com\/wp-content\/uploads\/2025\/08\/19a73b64d3355c13f80e5653605428898217a7b7.png","type":"image\/png"}],"twitter_card":"summary_large_image","twitter_misc":{"\u01af\u1edbc t\u00ednh th\u1eddi gian \u0111\u1ecdc":"1 ph\u00fat"},"schema":{"@context":"https:\/\/schema.org","@graph":[{"@type":"WebPage","@id":"https:\/\/trungviettrung.com\/contact\/","url":"https:\/\/trungviettrung.com\/contact\/","name":"Contact - trungviettrung.com","isPartOf":{"@id":"https:\/\/trungviettrung.com\/#website"},"primaryImageOfPage":{"@id":"https:\/\/trungviettrung.com\/contact\/#primaryimage"},"image":{"@id":"https:\/\/trungviettrung.com\/contact\/#primaryimage"},"thumbnailUrl":"https:\/\/trungviettrung.com\/wp-content\/uploads\/2025\/08\/19a73b64d3355c13f80e5653605428898217a7b7.png","datePublished":"2025-08-13T08:43:51+00:00","dateModified":"2025-09-04T08:06:41+00:00","breadcrumb":{"@id":"https:\/\/trungviettrung.com\/contact\/#breadcrumb"},"inLanguage":"vi","potentialAction":[{"@type":"ReadAction","target":["https:\/\/trungviettrung.com\/contact\/"]}]},{"@type":"ImageObject","inLanguage":"vi","@id":"https:\/\/trungviettrung.com\/contact\/#primaryimage","url":"https:\/\/trungviettrung.com\/wp-content\/uploads\/2025\/08\/19a73b64d3355c13f80e5653605428898217a7b7.png","contentUrl":"https:\/\/trungviettrung.com\/wp-content\/uploads\/2025\/08\/19a73b64d3355c13f80e5653605428898217a7b7.png","width":1920,"height":460},{"@type":"BreadcrumbList","@id":"https:\/\/trungviettrung.com\/contact\/#breadcrumb","itemListElement":[{"@type":"ListItem","position":1,"name":"Trang ch\u1ee7","item":"https:\/\/trungviettrung.com\/"},{"@type":"ListItem","position":2,"name":"Contact"}]},{"@type":"WebSite","@id":"https:\/\/trungviettrung.com\/#website","url":"https:\/\/trungviettrung.com\/","name":"trungviettrung.com","description":"","publisher":{"@id":"https:\/\/trungviettrung.com\/#organization"},"potentialAction":[{"@type":"SearchAction","target":{"@type":"EntryPoint","urlTemplate":"https:\/\/trungviettrung.com\/?s={search_term_string}"},"query-input":{"@type":"PropertyValueSpecification","valueRequired":true,"valueName":"search_term_string"}}],"inLanguage":"vi"},{"@type":"Organization","@id":"https:\/\/trungviettrung.com\/#organization","name":"trungviettrung.com","url":"https:\/\/trungviettrung.com\/","logo":{"@type":"ImageObject","inLanguage":"vi","@id":"https:\/\/trungviettrung.com\/#\/schema\/logo\/image\/","url":"https:\/\/trungviettrung.com\/wp-content\/uploads\/2025\/09\/DAT-hang-NGAY-scaled.png","contentUrl":"https:\/\/trungviettrung.com\/wp-content\/uploads\/2025\/09\/DAT-hang-NGAY-scaled.png","width":2560,"height":2146,"caption":"trungviettrung.com"},"image":{"@id":"https:\/\/trungviettrung.com\/#\/schema\/logo\/image\/"},"sameAs":["https:\/\/www.facebook.com\/tttmtrungviettrung\/","https:\/\/www.youtube.com\/@tttmtrungviettrung"]}]}},"uagb_featured_image_src":{"full":["https:\/\/trungviettrung.com\/wp-content\/uploads\/2025\/08\/19a73b64d3355c13f80e5653605428898217a7b7.png",1920,460,false],"thumbnail":["https:\/\/trungviettrung.com\/wp-content\/uploads\/2025\/08\/19a73b64d3355c13f80e5653605428898217a7b7-280x280.png",280,280,true],"medium":["https:\/\/trungviettrung.com\/wp-content\/uploads\/2025\/08\/19a73b64d3355c13f80e5653605428898217a7b7-800x192.png",800,192,true],"medium_large":["https:\/\/trungviettrung.com\/wp-content\/uploads\/2025\/08\/19a73b64d3355c13f80e5653605428898217a7b7-768x184.png",768,184,true],"large":["https:\/\/trungviettrung.com\/wp-content\/uploads\/2025\/08\/19a73b64d3355c13f80e5653605428898217a7b7-1400x335.png",1020,244,true],"1536x1536":["https:\/\/trungviettrung.com\/wp-content\/uploads\/2025\/08\/19a73b64d3355c13f80e5653605428898217a7b7-1536x368.png",1536,368,true],"2048x2048":["https:\/\/trungviettrung.com\/wp-content\/uploads\/2025\/08\/19a73b64d3355c13f80e5653605428898217a7b7.png",1920,460,false],"woocommerce_thumbnail":["https:\/\/trungviettrung.com\/wp-content\/uploads\/2025\/08\/19a73b64d3355c13f80e5653605428898217a7b7-300x300.png",300,300,true],"woocommerce_single":["https:\/\/trungviettrung.com\/wp-content\/uploads\/2025\/08\/19a73b64d3355c13f80e5653605428898217a7b7-600x144.png",600,144,true],"woocommerce_gallery_thumbnail":["https:\/\/trungviettrung.com\/wp-content\/uploads\/2025\/08\/19a73b64d3355c13f80e5653605428898217a7b7-100x100.png",100,100,true]},"uagb_author_info":{"display_name":"NOVA","author_link":"https:\/\/trungviettrung.com\/author\/nova\/"},"uagb_comment_info":0,"uagb_excerpt":"Trung Vi\u1ec7t Trung Li\u00ean H\u1ec7 D\u1ecbch v\u1ee5 kh\u00e1ch h\u00e0ng:","_links":{"self":[{"href":"https:\/\/trungviettrung.com\/wp-json\/wp\/v2\/pages\/1226","targetHints":{"allow":["GET"]}}],"collection":[{"href":"https:\/\/trungviettrung.com\/wp-json\/wp\/v2\/pages"}],"about":[{"href":"https:\/\/trungviettrung.com\/wp-json\/wp\/v2\/types\/page"}],"author":[{"embeddable":true,"href":"https:\/\/trungviettrung.com\/wp-json\/wp\/v2\/users\/2"}],"replies":[{"embeddable":true,"href":"https:\/\/trungviettrung.com\/wp-json\/wp\/v2\/comments?post=1226"}],"version-history":[{"count":12,"href":"https:\/\/trungviettrung.com\/wp-json\/wp\/v2\/pages\/1226\/revisions"}],"predecessor-version":[{"id":4862,"href":"https:\/\/trungviettrung.com\/wp-json\/wp\/v2\/pages\/1226\/revisions\/4862"}],"wp:featuredmedia":[{"embeddable":true,"href":"https:\/\/trungviettrung.com\/wp-json\/wp\/v2\/media\/4517"}],"wp:attachment":[{"href":"https:\/\/trungviettrung.com\/wp-json\/wp\/v2\/media?parent=1226"}],"curies":[{"name":"wp","href":"https:\/\/api.w.org\/{rel}","templated":true}]}}