{"id":4405,"date":"2025-08-16T04:12:30","date_gmt":"2025-08-16T04:12:30","guid":{"rendered":"https:\/\/trungviettrung.com\/?post_type=product&#038;p=4405"},"modified":"2025-08-16T04:13:55","modified_gmt":"2025-08-16T04:13:55","slug":"bo-dung-cu-gia-dinh-612","status":"publish","type":"product","link":"https:\/\/trungviettrung.com\/san-pham\/bo-dung-cu-gia-dinh-612\/","title":{"rendered":"B\u1ed9 d\u1ee5ng c\u1ee5 gia \u0111\u00ecnh 612"},"content":{"rendered":"<ul data-hveid=\"CBEQAQ\" data-ved=\"2ahUKEwiS9qj17oSPAxVTcvUHHYWnJLUQm_YKegQIERAB\">\n<li class=\"K3KsMc\">\n<div class=\"zMgcWd dSKvsb\" data-il=\"\">\n<div data-crb-p=\"\">\n<div class=\"xFTqob\">\n<div class=\"Gur8Ad\"><span data-huuid=\"12729763759835413303\"><strong>Th\u00e0nh ph\u1ea7n:<\/strong><\/span><\/div>\n<div class=\"vM0jzc\"><span data-huuid=\"12729763759835414096\">B\u1ed9 s\u1ea3n ph\u1ea9m bao g\u1ed3m th\u01b0\u1edbc d\u00e2y 3m, dao r\u1ecdc gi\u1ea5y, l\u01b0\u1ee1i dao d\u1ef1 ph\u00f2ng, tua v\u00edt c\u00e1c lo\u1ea1i (tua v\u00edt d\u1eb9t, tua v\u00edt bake), v\u00e0 c\u00f3 th\u1ec3 c\u00f3 th\u00eam m\u1ed9t s\u1ed1 \u1ed1c v\u00edt nh\u1ecf.<\/span><\/div>\n<\/div>\n<\/div>\n<\/div>\n<\/li>\n<li class=\"K3KsMc\">\n<div class=\"zMgcWd dSKvsb\" data-il=\"\">\n<div data-crb-p=\"\">\n<div class=\"xFTqob\">\n<div class=\"Gur8Ad\"><span data-huuid=\"12729763759835411586\"><strong>C\u00f4ng d\u1ee5ng:<\/strong><\/span><\/div>\n<div class=\"vM0jzc\"><span data-huuid=\"12729763759835412379\">D\u00f9ng \u0111\u1ec3 th\u1ef1c hi\u1ec7n c\u00e1c c\u00f4ng vi\u1ec7c s\u1eeda ch\u1eefa \u0111\u01a1n gi\u1ea3n trong gia \u0111\u00ecnh nh\u01b0 l\u1eafp \u0111\u1eb7t \u0111\u1ed3 \u0111\u1ea1c, s\u1eeda ch\u1eefa v\u1eadt d\u1ee5ng nh\u1ecf, c\u1eaft g\u1ecdt&#8230;<\/span><\/div>\n<\/div>\n<\/div>\n<\/div>\n<\/li>\n<li class=\"K3KsMc\">\n<div class=\"zMgcWd dSKvsb\" data-il=\"\">\n<div data-crb-p=\"\">\n<div class=\"xFTqob\">\n<div class=\"Gur8Ad\"><span data-huuid=\"12729763759835413965\"><strong>Th\u01b0\u01a1ng hi\u1ec7u:<\/strong><\/span><\/div>\n<div class=\"vM0jzc\"><span data-huuid=\"12729763759835410662\">S\u1ea3n ph\u1ea9m mang th\u01b0\u01a1ng hi\u1ec7u XINMEI, \u0111\u01b0\u1ee3c s\u1ea3n xu\u1ea5t t\u1ea1i Trung Qu\u1ed1c.<\/span><\/div>\n<\/div>\n<\/div>\n<\/div>\n<\/li>\n<\/ul>\n","protected":false},"excerpt":{"rendered":"<p>Th\u00e0nh ph\u1ea7n: B\u1ed9 s\u1ea3n ph\u1ea9m bao g\u1ed3m th\u01b0\u1edbc d\u00e2y 3m, dao r\u1ecdc gi\u1ea5y, l\u01b0\u1ee1i dao d\u1ef1 ph\u00f2ng, tua v\u00edt c\u00e1c lo\u1ea1i (tua v\u00edt d\u1eb9t, tua v\u00edt bake), v\u00e0 c\u00f3 th\u1ec3 c\u00f3 th\u00eam m\u1ed9t s\u1ed1 \u1ed1c v\u00edt nh\u1ecf. C\u00f4ng d\u1ee5ng: D\u00f9ng \u0111\u1ec3 th\u1ef1c hi\u1ec7n c\u00e1c c\u00f4ng vi\u1ec7c s\u1eeda ch\u1eefa \u0111\u01a1n gi\u1ea3n trong gia \u0111\u00ecnh nh\u01b0 l\u1eafp [&#8230;]\n","protected":false},"featured_media":4474,"comment_status":"open","ping_status":"closed","template":"","meta":{"_uag_custom_page_level_css":""},"product_brand":[134],"product_cat":[132],"product_tag":[],"class_list":{"0":"post-4405","1":"product","2":"type-product","3":"status-publish","4":"has-post-thumbnail","6":"product_brand-ngu-kim","7":"product_cat-ngu-kim","9":"first","10":"instock","11":"shipping-taxable","12":"purchasable","13":"product-type-simple"},"yoast_head":"<!-- This site is optimized with the Yoast SEO plugin v27.3 - https:\/\/yoast.com\/product\/yoast-seo-wordpress\/ -->\n<title>B\u1ed9 d\u1ee5ng c\u1ee5 gia \u0111\u00ecnh 612 - trungviettrung.com<\/title>\n<meta name=\"robots\" content=\"index, follow, max-snippet:-1, max-image-preview:large, max-video-preview:-1\" \/>\n<link rel=\"canonical\" href=\"https:\/\/trungviettrung.com\/san-pham\/bo-dung-cu-gia-dinh-612\/\" \/>\n<meta property=\"og:locale\" content=\"vi_VN\" \/>\n<meta property=\"og:type\" content=\"article\" \/>\n<meta property=\"og:title\" content=\"B\u1ed9 d\u1ee5ng c\u1ee5 gia \u0111\u00ecnh 612 - trungviettrung.com\" \/>\n<meta property=\"og:description\" content=\"Th\u00e0nh ph\u1ea7n: B\u1ed9 s\u1ea3n ph\u1ea9m bao g\u1ed3m th\u01b0\u1edbc d\u00e2y 3m, dao r\u1ecdc gi\u1ea5y, l\u01b0\u1ee1i dao d\u1ef1 ph\u00f2ng, tua v\u00edt c\u00e1c lo\u1ea1i (tua v\u00edt d\u1eb9t, tua v\u00edt bake), v\u00e0 c\u00f3 th\u1ec3 c\u00f3 th\u00eam m\u1ed9t s\u1ed1 \u1ed1c v\u00edt nh\u1ecf. C\u00f4ng d\u1ee5ng: D\u00f9ng \u0111\u1ec3 th\u1ef1c hi\u1ec7n c\u00e1c c\u00f4ng vi\u1ec7c s\u1eeda ch\u1eefa \u0111\u01a1n gi\u1ea3n trong gia \u0111\u00ecnh nh\u01b0 l\u1eafp [...]\" \/>\n<meta property=\"og:url\" content=\"https:\/\/trungviettrung.com\/san-pham\/bo-dung-cu-gia-dinh-612\/\" \/>\n<meta property=\"og:site_name\" content=\"trungviettrung.com\" \/>\n<meta property=\"article:publisher\" content=\"https:\/\/www.facebook.com\/tttmtrungviettrung\/\" \/>\n<meta property=\"article:modified_time\" content=\"2025-08-16T04:13:55+00:00\" \/>\n<meta property=\"og:image\" content=\"https:\/\/trungviettrung.com\/wp-content\/uploads\/2025\/08\/Anh-chup-man-hinh-2025-08-12-153443.png\" \/>\n\t<meta property=\"og:image:width\" content=\"675\" \/>\n\t<meta property=\"og:image:height\" content=\"606\" \/>\n\t<meta property=\"og:image:type\" content=\"image\/png\" \/>\n<meta name=\"twitter:card\" content=\"summary_large_image\" \/>\n<meta name=\"twitter:label1\" content=\"\u01af\u1edbc t\u00ednh th\u1eddi gian \u0111\u1ecdc\" \/>\n\t<meta name=\"twitter:data1\" content=\"1 ph\u00fat\" \/>\n<script type=\"application\/ld+json\" class=\"yoast-schema-graph\">{\"@context\":\"https:\\\/\\\/schema.org\",\"@graph\":[{\"@type\":\"WebPage\",\"@id\":\"https:\\\/\\\/trungviettrung.com\\\/san-pham\\\/bo-dung-cu-gia-dinh-612\\\/\",\"url\":\"https:\\\/\\\/trungviettrung.com\\\/san-pham\\\/bo-dung-cu-gia-dinh-612\\\/\",\"name\":\"B\u1ed9 d\u1ee5ng c\u1ee5 gia \u0111\u00ecnh 612 - trungviettrung.com\",\"isPartOf\":{\"@id\":\"https:\\\/\\\/trungviettrung.com\\\/#website\"},\"primaryImageOfPage\":{\"@id\":\"https:\\\/\\\/trungviettrung.com\\\/san-pham\\\/bo-dung-cu-gia-dinh-612\\\/#primaryimage\"},\"image\":{\"@id\":\"https:\\\/\\\/trungviettrung.com\\\/san-pham\\\/bo-dung-cu-gia-dinh-612\\\/#primaryimage\"},\"thumbnailUrl\":\"https:\\\/\\\/trungviettrung.com\\\/wp-content\\\/uploads\\\/2025\\\/08\\\/Anh-chup-man-hinh-2025-08-12-153443.png\",\"datePublished\":\"2025-08-16T04:12:30+00:00\",\"dateModified\":\"2025-08-16T04:13:55+00:00\",\"breadcrumb\":{\"@id\":\"https:\\\/\\\/trungviettrung.com\\\/san-pham\\\/bo-dung-cu-gia-dinh-612\\\/#breadcrumb\"},\"inLanguage\":\"vi\",\"potentialAction\":[{\"@type\":\"ReadAction\",\"target\":[\"https:\\\/\\\/trungviettrung.com\\\/san-pham\\\/bo-dung-cu-gia-dinh-612\\\/\"]}]},{\"@type\":\"ImageObject\",\"inLanguage\":\"vi\",\"@id\":\"https:\\\/\\\/trungviettrung.com\\\/san-pham\\\/bo-dung-cu-gia-dinh-612\\\/#primaryimage\",\"url\":\"https:\\\/\\\/trungviettrung.com\\\/wp-content\\\/uploads\\\/2025\\\/08\\\/Anh-chup-man-hinh-2025-08-12-153443.png\",\"contentUrl\":\"https:\\\/\\\/trungviettrung.com\\\/wp-content\\\/uploads\\\/2025\\\/08\\\/Anh-chup-man-hinh-2025-08-12-153443.png\",\"width\":675,\"height\":606},{\"@type\":\"BreadcrumbList\",\"@id\":\"https:\\\/\\\/trungviettrung.com\\\/san-pham\\\/bo-dung-cu-gia-dinh-612\\\/#breadcrumb\",\"itemListElement\":[{\"@type\":\"ListItem\",\"position\":1,\"name\":\"Trang ch\u1ee7\",\"item\":\"https:\\\/\\\/trungviettrung.com\\\/\"},{\"@type\":\"ListItem\",\"position\":2,\"name\":\"C\u1eeda h\u00e0ng\",\"item\":\"https:\\\/\\\/trungviettrung.com\\\/cua-hang\\\/\"},{\"@type\":\"ListItem\",\"position\":3,\"name\":\"B\u1ed9 d\u1ee5ng c\u1ee5 gia \u0111\u00ecnh 612\"}]},{\"@type\":\"WebSite\",\"@id\":\"https:\\\/\\\/trungviettrung.com\\\/#website\",\"url\":\"https:\\\/\\\/trungviettrung.com\\\/\",\"name\":\"trungviettrung.com\",\"description\":\"\",\"publisher\":{\"@id\":\"https:\\\/\\\/trungviettrung.com\\\/#organization\"},\"potentialAction\":[{\"@type\":\"SearchAction\",\"target\":{\"@type\":\"EntryPoint\",\"urlTemplate\":\"https:\\\/\\\/trungviettrung.com\\\/?s={search_term_string}\"},\"query-input\":{\"@type\":\"PropertyValueSpecification\",\"valueRequired\":true,\"valueName\":\"search_term_string\"}}],\"inLanguage\":\"vi\"},{\"@type\":\"Organization\",\"@id\":\"https:\\\/\\\/trungviettrung.com\\\/#organization\",\"name\":\"trungviettrung.com\",\"url\":\"https:\\\/\\\/trungviettrung.com\\\/\",\"logo\":{\"@type\":\"ImageObject\",\"inLanguage\":\"vi\",\"@id\":\"https:\\\/\\\/trungviettrung.com\\\/#\\\/schema\\\/logo\\\/image\\\/\",\"url\":\"https:\\\/\\\/trungviettrung.com\\\/wp-content\\\/uploads\\\/2025\\\/09\\\/DAT-hang-NGAY-scaled.png\",\"contentUrl\":\"https:\\\/\\\/trungviettrung.com\\\/wp-content\\\/uploads\\\/2025\\\/09\\\/DAT-hang-NGAY-scaled.png\",\"width\":2560,\"height\":2146,\"caption\":\"trungviettrung.com\"},\"image\":{\"@id\":\"https:\\\/\\\/trungviettrung.com\\\/#\\\/schema\\\/logo\\\/image\\\/\"},\"sameAs\":[\"https:\\\/\\\/www.facebook.com\\\/tttmtrungviettrung\\\/\",\"https:\\\/\\\/www.youtube.com\\\/@tttmtrungviettrung\"]}]}<\/script>\n<!-- \/ Yoast SEO plugin. -->","yoast_head_json":{"title":"B\u1ed9 d\u1ee5ng c\u1ee5 gia \u0111\u00ecnh 612 - trungviettrung.com","robots":{"index":"index","follow":"follow","max-snippet":"max-snippet:-1","max-image-preview":"max-image-preview:large","max-video-preview":"max-video-preview:-1"},"canonical":"https:\/\/trungviettrung.com\/san-pham\/bo-dung-cu-gia-dinh-612\/","og_locale":"vi_VN","og_type":"article","og_title":"B\u1ed9 d\u1ee5ng c\u1ee5 gia \u0111\u00ecnh 612 - trungviettrung.com","og_description":"Th\u00e0nh ph\u1ea7n: B\u1ed9 s\u1ea3n ph\u1ea9m bao g\u1ed3m th\u01b0\u1edbc d\u00e2y 3m, dao r\u1ecdc gi\u1ea5y, l\u01b0\u1ee1i dao d\u1ef1 ph\u00f2ng, tua v\u00edt c\u00e1c lo\u1ea1i (tua v\u00edt d\u1eb9t, tua v\u00edt bake), v\u00e0 c\u00f3 th\u1ec3 c\u00f3 th\u00eam m\u1ed9t s\u1ed1 \u1ed1c v\u00edt nh\u1ecf. C\u00f4ng d\u1ee5ng: D\u00f9ng \u0111\u1ec3 th\u1ef1c hi\u1ec7n c\u00e1c c\u00f4ng vi\u1ec7c s\u1eeda ch\u1eefa \u0111\u01a1n gi\u1ea3n trong gia \u0111\u00ecnh nh\u01b0 l\u1eafp [...]","og_url":"https:\/\/trungviettrung.com\/san-pham\/bo-dung-cu-gia-dinh-612\/","og_site_name":"trungviettrung.com","article_publisher":"https:\/\/www.facebook.com\/tttmtrungviettrung\/","article_modified_time":"2025-08-16T04:13:55+00:00","og_image":[{"width":675,"height":606,"url":"https:\/\/trungviettrung.com\/wp-content\/uploads\/2025\/08\/Anh-chup-man-hinh-2025-08-12-153443.png","type":"image\/png"}],"twitter_card":"summary_large_image","twitter_misc":{"\u01af\u1edbc t\u00ednh th\u1eddi gian \u0111\u1ecdc":"1 ph\u00fat"},"schema":{"@context":"https:\/\/schema.org","@graph":[{"@type":"WebPage","@id":"https:\/\/trungviettrung.com\/san-pham\/bo-dung-cu-gia-dinh-612\/","url":"https:\/\/trungviettrung.com\/san-pham\/bo-dung-cu-gia-dinh-612\/","name":"B\u1ed9 d\u1ee5ng c\u1ee5 gia \u0111\u00ecnh 612 - trungviettrung.com","isPartOf":{"@id":"https:\/\/trungviettrung.com\/#website"},"primaryImageOfPage":{"@id":"https:\/\/trungviettrung.com\/san-pham\/bo-dung-cu-gia-dinh-612\/#primaryimage"},"image":{"@id":"https:\/\/trungviettrung.com\/san-pham\/bo-dung-cu-gia-dinh-612\/#primaryimage"},"thumbnailUrl":"https:\/\/trungviettrung.com\/wp-content\/uploads\/2025\/08\/Anh-chup-man-hinh-2025-08-12-153443.png","datePublished":"2025-08-16T04:12:30+00:00","dateModified":"2025-08-16T04:13:55+00:00","breadcrumb":{"@id":"https:\/\/trungviettrung.com\/san-pham\/bo-dung-cu-gia-dinh-612\/#breadcrumb"},"inLanguage":"vi","potentialAction":[{"@type":"ReadAction","target":["https:\/\/trungviettrung.com\/san-pham\/bo-dung-cu-gia-dinh-612\/"]}]},{"@type":"ImageObject","inLanguage":"vi","@id":"https:\/\/trungviettrung.com\/san-pham\/bo-dung-cu-gia-dinh-612\/#primaryimage","url":"https:\/\/trungviettrung.com\/wp-content\/uploads\/2025\/08\/Anh-chup-man-hinh-2025-08-12-153443.png","contentUrl":"https:\/\/trungviettrung.com\/wp-content\/uploads\/2025\/08\/Anh-chup-man-hinh-2025-08-12-153443.png","width":675,"height":606},{"@type":"BreadcrumbList","@id":"https:\/\/trungviettrung.com\/san-pham\/bo-dung-cu-gia-dinh-612\/#breadcrumb","itemListElement":[{"@type":"ListItem","position":1,"name":"Trang ch\u1ee7","item":"https:\/\/trungviettrung.com\/"},{"@type":"ListItem","position":2,"name":"C\u1eeda h\u00e0ng","item":"https:\/\/trungviettrung.com\/cua-hang\/"},{"@type":"ListItem","position":3,"name":"B\u1ed9 d\u1ee5ng c\u1ee5 gia \u0111\u00ecnh 612"}]},{"@type":"WebSite","@id":"https:\/\/trungviettrung.com\/#website","url":"https:\/\/trungviettrung.com\/","name":"trungviettrung.com","description":"","publisher":{"@id":"https:\/\/trungviettrung.com\/#organization"},"potentialAction":[{"@type":"SearchAction","target":{"@type":"EntryPoint","urlTemplate":"https:\/\/trungviettrung.com\/?s={search_term_string}"},"query-input":{"@type":"PropertyValueSpecification","valueRequired":true,"valueName":"search_term_string"}}],"inLanguage":"vi"},{"@type":"Organization","@id":"https:\/\/trungviettrung.com\/#organization","name":"trungviettrung.com","url":"https:\/\/trungviettrung.com\/","logo":{"@type":"ImageObject","inLanguage":"vi","@id":"https:\/\/trungviettrung.com\/#\/schema\/logo\/image\/","url":"https:\/\/trungviettrung.com\/wp-content\/uploads\/2025\/09\/DAT-hang-NGAY-scaled.png","contentUrl":"https:\/\/trungviettrung.com\/wp-content\/uploads\/2025\/09\/DAT-hang-NGAY-scaled.png","width":2560,"height":2146,"caption":"trungviettrung.com"},"image":{"@id":"https:\/\/trungviettrung.com\/#\/schema\/logo\/image\/"},"sameAs":["https:\/\/www.facebook.com\/tttmtrungviettrung\/","https:\/\/www.youtube.com\/@tttmtrungviettrung"]}]}},"uagb_featured_image_src":{"full":["https:\/\/trungviettrung.com\/wp-content\/uploads\/2025\/08\/Anh-chup-man-hinh-2025-08-12-153443.png",675,606,false],"thumbnail":["https:\/\/trungviettrung.com\/wp-content\/uploads\/2025\/08\/Anh-chup-man-hinh-2025-08-12-153443-280x280.png",280,280,true],"medium":["https:\/\/trungviettrung.com\/wp-content\/uploads\/2025\/08\/Anh-chup-man-hinh-2025-08-12-153443-446x400.png",446,400,true],"medium_large":["https:\/\/trungviettrung.com\/wp-content\/uploads\/2025\/08\/Anh-chup-man-hinh-2025-08-12-153443.png",675,606,false],"large":["https:\/\/trungviettrung.com\/wp-content\/uploads\/2025\/08\/Anh-chup-man-hinh-2025-08-12-153443.png",675,606,false],"1536x1536":["https:\/\/trungviettrung.com\/wp-content\/uploads\/2025\/08\/Anh-chup-man-hinh-2025-08-12-153443.png",675,606,false],"2048x2048":["https:\/\/trungviettrung.com\/wp-content\/uploads\/2025\/08\/Anh-chup-man-hinh-2025-08-12-153443.png",675,606,false],"woocommerce_thumbnail":["https:\/\/trungviettrung.com\/wp-content\/uploads\/2025\/08\/Anh-chup-man-hinh-2025-08-12-153443-300x300.png",300,300,true],"woocommerce_single":["https:\/\/trungviettrung.com\/wp-content\/uploads\/2025\/08\/Anh-chup-man-hinh-2025-08-12-153443-600x539.png",600,539,true],"woocommerce_gallery_thumbnail":["https:\/\/trungviettrung.com\/wp-content\/uploads\/2025\/08\/Anh-chup-man-hinh-2025-08-12-153443-100x100.png",100,100,true]},"uagb_author_info":{"display_name":"NOVA","author_link":"https:\/\/trungviettrung.com\/author\/"},"uagb_comment_info":0,"uagb_excerpt":"Th\u00e0nh ph\u1ea7n: B\u1ed9 s\u1ea3n ph\u1ea9m bao g\u1ed3m th\u01b0\u1edbc d\u00e2y 3m, dao r\u1ecdc gi\u1ea5y, l\u01b0\u1ee1i dao d\u1ef1 ph\u00f2ng, tua v\u00edt c\u00e1c lo\u1ea1i (tua v\u00edt d\u1eb9t, tua v\u00edt bake), v\u00e0 c\u00f3 th\u1ec3 c\u00f3 th\u00eam m\u1ed9t s\u1ed1 \u1ed1c v\u00edt nh\u1ecf. C\u00f4ng d\u1ee5ng: D\u00f9ng \u0111\u1ec3 th\u1ef1c hi\u1ec7n c\u00e1c c\u00f4ng vi\u1ec7c s\u1eeda ch\u1eefa \u0111\u01a1n gi\u1ea3n trong gia \u0111\u00ecnh nh\u01b0 l\u1eafp&hellip;","_links":{"self":[{"href":"https:\/\/trungviettrung.com\/wp-json\/wp\/v2\/product\/4405","targetHints":{"allow":["GET"]}}],"collection":[{"href":"https:\/\/trungviettrung.com\/wp-json\/wp\/v2\/product"}],"about":[{"href":"https:\/\/trungviettrung.com\/wp-json\/wp\/v2\/types\/product"}],"replies":[{"embeddable":true,"href":"https:\/\/trungviettrung.com\/wp-json\/wp\/v2\/comments?post=4405"}],"wp:featuredmedia":[{"embeddable":true,"href":"https:\/\/trungviettrung.com\/wp-json\/wp\/v2\/media\/4474"}],"wp:attachment":[{"href":"https:\/\/trungviettrung.com\/wp-json\/wp\/v2\/media?parent=4405"}],"wp:term":[{"taxonomy":"product_brand","embeddable":true,"href":"https:\/\/trungviettrung.com\/wp-json\/wp\/v2\/product_brand?post=4405"},{"taxonomy":"product_cat","embeddable":true,"href":"https:\/\/trungviettrung.com\/wp-json\/wp\/v2\/product_cat?post=4405"},{"taxonomy":"product_tag","embeddable":true,"href":"https:\/\/trungviettrung.com\/wp-json\/wp\/v2\/product_tag?post=4405"}],"curies":[{"name":"wp","href":"https:\/\/api.w.org\/{rel}","templated":true}]}}